r(k) = -k**3 + 14*k**2 - 25*k + 14. Let v be r(12). Suppose -5 - 5 = -2*t - 2*m, v*m = 3*t + 10. Suppose -4*f + 6*f - 422 = t. Is f composite?
False
Suppose -b + 17 = 5*o, 8*o = 5*o + 2*b + 5. Let c(j) be the second derivative of 29*j**4/4 - j**2 - j. Is c(o) prime?
False
Suppose -2*i + 48868 = -2*h - 2*h, 0 = -3*i - 2*h + 73262. Let o = 38913 - i. Is o prime?
True
Let v(f) = -1714*f**2 - 4*f + 5. Let l be v(1). Suppose -a - 3*a = -12776. Let o = a + l. Is o a composite number?
False
Suppose 5*c + 6*n - 20284 = 10407, -4*c + n + 24518 = 0. Is c prime?
True
Suppose -96*o + 163623064 = -8*o. Is o composite?
False
Let u = 68 - 68. Let f(q) = -9*q + 191. Is f(u) composite?
False
Suppose -1 = -d + 1. Let w(x) = 2*x**2 - 18*x + 43. Let b be w(4). Suppose d*n = -6, 4*p + b*n - 1931 = -0*n. Is p prime?
False
Is (19 + -12)*(-98251)/(-1) composite?
True
Suppose 0*q + 4*q - 16 = 0, 2 = 3*w - 4*q. Suppose -47358 = -29*j + 26766. Suppose -w = 4*t - 18, t = 3*f - j. Is f composite?
False
Let g = 1360 - -562. Let r = -1053 + g. Is r a composite number?
True
Let u = -15681 - -28424. Is u prime?
True
Let t(m) = 11*m + m - 2 + 3*m**2 - 342*m**3 - 1047*m**3. Let k(u) = -695*u**3 + u**2 + 6*u - 1. Let v(c) = -13*k(c) + 6*t(c). Is v(1) a composite number?
False
Let d = -372410 + 792645. Is d prime?
False
Let x be -1 + 5 - 1 - 0. Suppose -135 = -3*f - x*k, -3*f + 55 = -2*f - 4*k. Suppose -4*s = -t + 63, -21 = -t - s + f. Is t prime?
True
Let s(n) = -n + 5. Let d be s(2). Suppose -4*w + d*k = -0 + 4, 4*w = 4*k - 8. Suppose w*b - 169 = 357. Is b a composite number?
False
Let u(v) = -87*v**2 + 63*v - 21. Let n(a) = -a**2 - 1. Let f(s) = 4*n(s) - u(s). Is f(12) a prime number?
True
Let l be (-4)/2 + (0 - -2022). Let r(v) = 6*v**2 + 5*v - 41. Let o be r(8). Let a = l - o. Is a prime?
True
Let m(b) be the first derivative of 3*b**3 - 2*b**2 - b + 1525. Suppose 0 + 6 = -3*u. Is m(u) composite?
False
Let r(u) = -27533*u + 27138*u + 1 - 45. Is r(-5) composite?
False
Let s = 19451 + 15642. Is s composite?
True
Suppose 281*l - 278*l - 12 = 0. Let x(p) = 97*p**3 - 6*p**2 + 12*p + 13. Is x(l) composite?
False
Suppose 0 = -4*c - 16, 21*q - 18*q = 4*c + 31783. Is q prime?
True
Let h(g) = -g**2 + 8*g - 6. Let u be h(7). Let l be u/(-6)*-218 + 8/12. Suppose -41*j + 1916 = -l*j. Is j a composite number?
False
Let o(v) = 4*v - 15. Suppose -7*r - 8 = -43. Let y be o(r). Suppose y*z - 1011 = 2*z. Is z composite?
False
Suppose 82*c + 54 = 91*c. Let z(v) be the first derivative of -v**4/4 + 7*v**3/3 - v**2 - 5*v + 1. Is z(c) a composite number?
False
Is -8 - (13126 - -3)*-1 prime?
True
Let a(g) = 22*g**2 - 1 - 162*g + 32*g**2 + 149*g. Is a(10) prime?
False
Suppose -2*i + i = a + 3, 3*a = -2*i - 9. Suppose m - 16 + 2 = i. Let c = 53 + m. Is c a prime number?
True
Suppose b + 6*b - 91 = 0. Let m(c) = 2 + 16*c - 34 + 6*c. Is m(b) a composite number?
True
Is (-246944)/112*14/(-4) composite?
False
Let c be (3/(-6))/((-2)/(-24)). Let d(q) = -7*q**3 - 7*q**2 - q + 5. Is d(c) composite?
True
Suppose 24 = g + 2*p, -3*g - 5*p = -g - 50. Let h(y) = -3 + 74*y - 2 + 2. Is h(g) prime?
False
Is (8 + -9)/(3 + (-18653244)/6217746) composite?
False
Let k be -10*(-3)/(-21)*-7. Let d be k*((-1756)/(-20) - (-5 + 2)). Let m = 1501 - d. Is m a composite number?
False
Suppose 26*z + 87 - 477 = 0. Suppose z*f = 101875 + 205895. Is f a composite number?
True
Let x(n) = -n**3 + 43*n**2 - 112*n + 5. Let p be x(40). Suppose -5*u = 5*b - 3225, u + 4*b = p + 314. Is u composite?
False
Is (26*6/156)/(2/52714) a composite number?
False
Suppose 0 = 6*o - 46 - 8. Let n be 3 - (o + -8)/((-2)/(-6)). Suppose -5*c + 12233 + 1502 = n. Is c a composite number?
True
Let h(p) = 233981*p**2 + 40*p - 99. Is h(2) a composite number?
True
Suppose -60 + 24 = 3*o. Let t be (3 + -4)*o/4. Is (-3)/(1*t/(-251)) a composite number?
False
Let g(d) = 193*d**2 - 43*d + 23. Let v(t) = -t**2 + 22*t + 8. Let p be v(22). Is g(p) a composite number?
True
Suppose 240 = -33*m + 48*m. Let s(d) = 243*d - 55. Is s(m) a prime number?
True
Let x = -23 + 71. Let r be (3 - x/20)*5. Is 131 + r/(12/(-16)) a prime number?
True
Suppose 0 = -2*g + 22 - 2. Let m(r) = 74*r - 33. Let w be m(g). Suppose 4*s - 3*s = w. Is s a composite number?
True
Let f(r) = -38*r**2 + 71*r + 13. Let u be f(2). Let x(a) = a**2 - 1. Let k be x(2). Suppose u*v + 15 = 0, -5*v + 4827 = 7*h - k*h. Is h prime?
True
Is (-290912067)/(-972) - (-2 - (-10)/8) prime?
False
Suppose -b - 2*x = -5*b + 200, 4*b = x + 204. Is (4369/4)/(13/b) a composite number?
True
Suppose 128425 = 5*j + 19*r - 24*r, 0 = 2*j + 4*r - 51418. Is j composite?
False
Let p(d) = -2386*d + 461. Is p(-35) a composite number?
True
Suppose -17*d = -126598 - 24311. Let i be (1 - -1)/(-1 - 0). Is d/22*(i/3)/(-1) a prime number?
True
Is (82/164)/(1/(-6)) + 49418 a composite number?
True
Let t(c) = 6*c**3 + c**2 - c - 61. Is t(19) composite?
True
Suppose 0 = -144*w + 139*w - 5*p + 320185, -3*w = -5*p - 192143. Is w a prime number?
False
Let a = -20815 + 39782. Is a prime?
False
Let z be 18005 + 1 + -5 - 1. Suppose 4*q - 12*q - z = 0. Let n = -959 - q. Is n a composite number?
False
Suppose 4*a - 2*n - 12 = 0, -18 = -2*a - 16*n + 11*n. Is a - (-2 - (-5 + 4 - -3222)) a composite number?
True
Let s(o) = -o**3 - 25*o**2 + 26*o + 53. Let j be s(-26). Suppose -803482 = 7*z - j*z. Is z a composite number?
False
Is (6/8)/(-24 + 1927927275/80330300) composite?
True
Let g = -15296 - -27203. Suppose 4*h - g = 5*q + 222, 0 = 4*h - 3*q - 12127. Is h prime?
False
Let a(m) = m**3 - 13*m**2 - 236*m + 49. Is a(34) prime?
True
Let o = -270 - -304. Is 33 + o/9 + 2/9 composite?
False
Let h(s) be the second derivative of -s**5/20 - 3*s**4/4 + 29*s**3/6 - 17*s**2/2 + 112*s. Is h(-14) a composite number?
False
Let f(x) = 21926*x**3 - 6*x**2 - 2*x - 15*x**2 + 4 + 20*x**2. Is f(1) composite?
True
Suppose 3*c = -5*g + 1723449 - 39055, 5*g = -5*c + 1684380. Is g composite?
True
Let t(w) be the third derivative of w**6/120 + 4*w**5/15 - 3*w**4/4 + 10*w**3/3 + 12*w**2. Let i be t(-16). Suppose 0*g = -4*g + i. Is g a prime number?
False
Let t be (-26)/(-143) + 10644/22. Let l be (-3*1/2)/((-22)/t). Suppose -28*o - 6215 = -l*o. Is o a composite number?
True
Let h(n) = 98*n - 7. Let l be h(-2). Let u = l + 118. Is (u - 2)*22/(-6) a prime number?
False
Let o = -31 + 31. Suppose -668 = -h - o*h. Let u = h - 351. Is u a prime number?
True
Let t(d) be the first derivative of 23*d**3/3 + 9*d**2/2 - 3*d + 7. Let l = 13 - 7. Is t(l) a prime number?
False
Is 254492 - (-9)/(-5)*(-90)/(-54) a prime number?
True
Let w = 206611 - -1098. Is w composite?
False
Is 72659920/(-120)*6/(-4) a composite number?
False
Suppose -10*n = -16*n + 3690. Suppose -n = 2*l + 71. Let s = -209 - l. Is s prime?
False
Suppose 25 + 11 = 6*d. Let y(i) = 25*i**2 - 15*i - 58. Let b be y(-12). Suppose b = d*n - 5536. Is n prime?
True
Suppose -6*w = -3*w + 12, 4*w - 4 = -4*z. Suppose 4*t - t = 0. Suppose -5*d = 3*y - 253, t*y = d + z*y - 33. Is d a composite number?
False
Suppose 6*p + 2*p - 6648 = 0. Let t be (5 - 9/(0 - -3))*p. Is -4 + (-15)/5 + t a prime number?
False
Let m = 397018 + -29199. Is m a composite number?
False
Let k be 7 + -3 + 2/(-2). Suppose 5*h + 14 = s + 2, k*s = 2*h + 62. Let l(q) = 77*q + 41. Is l(s) prime?
False
Let a be (-3908)/(-1) - (8 + (2 - 6)). Let g = a - 2405. Is g prime?
True
Suppose 0 = -2*r + 8, -21977 = 5*a + 5*r - 102162. Is a composite?
False
Let h(o) = 1200*o**2 - 103*o + 17. Is h(-15) a composite number?
True
Let n(m) = -m**2 - 6*m - 5. Let s be n(-2). Suppose -c - b = b - 6, -9 = -2*c - s*b. Suppose 5*a + c*a = -4*y + 1009, 3*y = 3*a + 750. Is y prime?
True
Suppose 2732 = 5*u + 122. Suppose u = 3*m - 1344. Is m composite?
True
Suppose p = -p + h + 13, -24 = -3*p - 3*h. Let w(c) = -3*c**2 + 14*c**2 - p*c + 40 - 5*c**2 + 26*c**2. Is w(9) composite?
True
Let s = 209368 + -117521. Is s composite?
True
Let n be (8/8)/(0 - 1/(-9)). Suppose n*b - 15*b = -33342. Is b a prime number?
True
Is 83624/14*-56*7/(-112) prime?
False
Let o be ((-4 - -1) + 0)/(-1). Suppose 18 = 3*u + o. Suppose 0 = h - u*x - 1393, x - 4*x + 4179 = 3*h. Is h a prime number?
False
Let h = 4889 - 2781. Suppose -h = 5*a - 2*s - 5397, -a - 5*s = -674. Is a composite?
False
Let p = 303 - 282. Is 